11240?
2
What is the hundreds digit of 348387859?
8
What is the ten millions digit of 2722378020?
2
What is the hundreds digit of 1359294187?
1
What is the tens digit of 66147043?
4
What is the hundred millions digit of 2627636674?
6
What is the billions digit of 2197833865?
2
What is the hundred millions digit of 3465801828?
4
What is the units digit of 136473640?
0
What is the millions digit of 529367787?
9
What is the hundred thousands digit of 55685419?
6
What is the millions digit of 711667565?
1
What is the tens digit of 53270584?
8
What is the units digit of 51321122?
2
What is the millions digit of 63087108?
3
What is the thousands digit of 203330537?
0
What is the millions digit of 23546282?
3
What is the tens digit of 939684895?
9
What is the tens digit of 781711?
1
What is the units digit of 28899498?
8
What is the thousands digit of 7948497?
8
What is the units digit of 27650831?
1
What is the hundreds digit of 160844411?
4
What is the millions digit of 23727919?
3
What is the hundreds digit of 280179353?
3
What is the thousands digit of 4925226923?
6
What is the ten millions digit of 151554631?
5
What is the millions digit of 2326864224?
6
What is the thousands digit of 2870865663?
5
What is the units digit of 16964406?
6
What is the units digit of 49269766?
6
What is the ten millions digit of 375023417?
7
What is the thousands digit of 83427719?
7
What is the tens digit of 1034692670?
7
What is the hundreds digit of 89148416?
4
What is the hundred thousands digit of 25323419?
3
What is the hundred thousands digit of 84294973?
2
What is the hundred thousands digit of 70614390?
6
What is the billions digit of 1463092005?
1
What is the ten millions digit of 59936238?
5
What is the hundreds digit of 92750615?
6
What is the ten thousands digit of 78805774?
0
What is the hundred thousands digit of 10457672?
4
What is the ten thousands digit of 171965344?
6
What is the thousands digit of 88941811?
1
What is the millions digit of 3323237743?
3
What is the millions digit of 169074747?
9
What is the hundred thousands digit of 2401305631?
3
What is the thousands digit of 122518255?
8
What is the units digit of 460988884?
4
What is the ten millions digit of 286923971?
8
What is the units digit of 71411851?
1
What is the hundred thousands digit of 376442220?
4
What is the ten thousands digit of 31042556?
4
What is the hundred thousands digit of 210534794?
5
What is the hundreds digit of 1984023731?
7
What is the hundreds digit of 1330332743?
7
What is the thousands digit of 171530188?
0
What is the hundred millions digit of 1010029965?
0
What is the hundred millions digit of 3256945864?
2
What is the thousands digit of 100159492?
9
What is the hundred thousands digit of 174395692?
3
What is the hundreds digit of 66005852?
8
What is the tens digit of 329581401?
0
What is the ten millions digit of 695415737?
9
What is the billions digit of 1146509767?
1
What is the hundred thousands digit of 1643954893?
9
What is the thousands digit of 565799774?
9
What is the ten millions digit of 326178664?
2
What is the ten thousands digit of 53528738?
2
What is the hundred thousands digit of 1603148323?
1
What is the ten millions digit of 907265094?
0
What is the thousands digit of 2320078285?
8
What is the thousands digit of 29160517?
0
What is the hundreds digit of 190654180?
1
What is the billions digit of 1811561781?
1
What is the hundred thousands digit of 273778316?
7
What is the thousands digit of 198909625?
9
What is the hundreds digit of 105902790?
7
What is the hundred millions digit of 715384871?
7
What is the ten thousands digit of 883862539?
6
What is the tens digit of 267267373?
7
What is the tens digit of 62736?
3
What is the thousands digit of 56790880?
0
What is the tens digit of 1487627134?
3
What is the hundred thousands digit of 622624160?
6
What is the hundred thousands digit of 837044677?
0
What is the millions digit of 2651853406?
1
What is the hundred thousands digit of 2379440978?
4
What is the units digit of 12170573?
3
What is the ten thousands digit of 158809871?
0
What is the billions digit of 1474463318?
1
What is the ten thousands digit of 3308254218?
5
What is the hundred thousands digit of 290623132?
6
What is the hundreds digit of 9342812?
8
What is the units digit of 195180150?
0
What is the tens digit of 18041554?
5
What is the thousands digit of 42454278?
4
What is the ten millions digit of 324571070?
2
What is the hundred thousands digit of 71745579?
7
What is the units digit of 8773031?
1
What is the hundred millions digit of 227195734?
2
What is the ten millions digit of 160023639?
6
What is the tens digit of 4155611190?
9
What is the billions digit of 2494208463?
2
What is the thousands digit of 8114623?
4
What is the ten thousands digit of 2094092612?
9
What is the tens digit of 291069469?
6
What is the tens digit of 5767672005?
0
What is the units digit of 373954978?
8
What is the tens digit of 179726047?
4
What is the ten thousands digit of 1115353736?
5
What is the ten thousands digit of 118784226?
8
What is the units digit of 3542147612?
2
What is the thousands digit of 135113066?
3
What is the ten thousands digit of 549368773?
6
What is the thousands digit of 881835425?
5
What is the units digit of 3427331162?
2
What is the ten thousands digit of 36881405?
8
What is the ten thousands digit of 510341884?
4
What is the thousands digit of 2187586640?
6
What is the hundreds digit of 45229615?
6
What is the hundred thousands digit of 2588516932?
5
What is the hundred thousands digit of 52358594?
3
What is the units digit of 390489143?
3
What is the tens digit of 49188605?
0
What is the ten millions digit of 826461874?
2
What is the thousands digit of 33383939?
3
What is the thousands digit of 223561728?
1
What is the units digit of 802531058?
8
What is the millions digit of 11953147?
1
What is the ten millions digit of 222911337?
2
What is the hundred thousands digit of 1553005403?
0
What is the billions digit of 1310812422?
1
What is the units digit of 5494919187?
7
What is the thousands digit of 19874749?
4
What is the ten thousands digit of 251537980?
3
What is the thousands digit of 376882751?
2
What is the thousands digit of 1242584675?
4
What is the hundreds digit of 789242149?
1
What is the ten thousands digit of 2780864?
8
What is the ten thousands digit of 4635015?
3
What is the thousands digit of 2308713853?
3
What is the millions digit of 5912249271?
2
What is the hundreds digit of 402892564?
5
What is the hundred thousands digit of 534388949?
3
What is the hundreds digit of 106763161?
1
What is the ten millions digit of 5571500542?
7
What is the hundred thousands digit of 173245105?
2
What is the hundred thousands digit of 5514945388?
9
What is the millions digit of 5827834472?
7
What is the ten thousands digit of 109403327?
0
What is the billions digit of 2375803884?
2
What is the hundred thousands digit of 353589609?
5
What is the hundred thousands digit of 1689334088?
3
What is the ten thousands digit of 1673497273?
9
What is the hundred thousands digit of 73915282?
9
What is the thousands digit of 105573554?
3
What is the ten thousands digit of 680063855?
6
What is the millions digit of 175018283?
5
What is the millions digit of 7469704187?
9
What is the hundred millions digit of 5023992980?
0
What is the ten thousands digit of 46152951?
5
What is the ten millions digit of 37733864?
3
What is the hundred millions digit of 1397192667?
3
What is the millions digit of 166079089?
6
What is the hundred millions digit of 2167558624?
1
What is the billions digit of 1032441975?
1
What is the tens digit of 53258576?
7
What is the thousands digit of 395087111?
7
What is the millions digit of 1629525946?
9
What is the tens digit of 61678450?
5
What is the ten thousands digit of 4504732118?
3
What is the ten thousands digit of 828456172?
5
What is the hundreds digit of 22726070?
0
What is the hundreds digit of 4536525690?
6
What is the thousands digit of 1853274870?
4
What is the units digit of 88655956?
6
What is the ten millions digit of 1278314205?
7
What is the hundred thousands digit of 155145219?
1
What is the units digit of 839120988?
8
What is the hundred thousands digit of 878856688?
8
What is the 